{"id":3209,"date":"2024-06-19T15:34:55","date_gmt":"2024-06-19T15:34:55","guid":{"rendered":"https:\/\/banquyenshop.com\/?post_type=product&#038;p=3209"},"modified":"2025-08-02T11:37:35","modified_gmt":"2025-08-02T11:37:35","slug":"avast-ultimate-1-thiet-bi-1-nam-global","status":"publish","type":"product","link":"https:\/\/banquyenshop.com\/?product=avast-ultimate-1-thiet-bi-1-nam-global","title":{"rendered":"Avast Ultimate 1 n\u0103m 1 thi\u1ebft b\u1ecb"},"content":{"rendered":"<p>Avast Ultimate l\u00e0 g\u00f3i c\u01b0\u1edbc cao nh\u1ea5t c\u1ee7a Avast bao g\u1ed3m t\u1ea5t c\u1ea3 c\u00e1c t\u00ednh n\u0103ng c\u1ee7a Avast Premium Security, Avast SecureLine VPN, AntiTrack Premium, Cleanup Premium&#8230;<\/p>\n<h6><strong>T\u00ednh N\u0103ng Ch\u00ednh:<\/strong><\/h6>\n<ul>\n<li>Avast Premium Security: B\u1ea3o v\u1ec7 b\u1ea1n tr\u01b0\u1edbc virus, ph\u1ea7n m\u1ec1m \u0111\u1ed9c h\u1ea1i, v\u00e0 c\u00e1c m\u1ed1i \u0111e d\u1ecda tr\u1ef1c tuy\u1ebfn. Gi\u00fap b\u1ea1n duy\u1ec7t web an to\u00e0n v\u00e0 b\u1ea3o m\u1eadt d\u1eef li\u1ec7u c\u00e1 nh\u00e2n.<\/li>\n<li>Avast SecureLine VPN: Duy tr\u00ec quy\u1ec1n ri\u00eang t\u01b0 c\u1ee7a b\u1ea1n khi tr\u1ef1c tuy\u1ebfn v\u1edbi m\u1ea1ng ri\u00eang \u1ea3o t\u1ed1c \u0111\u1ed9 cao. Gi\u00fap b\u1ea1n truy c\u1eadp n\u1ed9i dung b\u1ecb ch\u1eb7n v\u00e0 b\u1ea3o v\u1ec7 th\u00f4ng tin c\u00e1 nh\u00e2n kh\u1ecfi hacker.<\/li>\n<li>Avast Cleanup Premium: T\u1ed1i \u01b0u h\u00f3a hi\u1ec7u su\u1ea5t h\u1ec7 th\u1ed1ng c\u1ee7a b\u1ea1n b\u1eb1ng c\u00e1ch x\u00f3a c\u00e1c t\u1ec7p r\u00e1c, t\u0103ng t\u1ed1c \u0111\u1ed9 kh\u1edfi \u0111\u1ed9ng v\u00e0 c\u1ea3i thi\u1ec7n hi\u1ec7u su\u1ea5t to\u00e0n di\u1ec7n.<\/li>\n<li>Avast AntiTrack: B\u1ea3o v\u1ec7 b\u1ea1n kh\u1ecfi vi\u1ec7c b\u1ecb theo d\u00f5i tr\u1ef1c tuy\u1ebfn, \u1ea9n danh khi duy\u1ec7t web v\u00e0 ng\u0103n ch\u1eb7n c\u00e1c qu\u1ea3ng c\u00e1o kh\u00f4ng mong mu\u1ed1n.<\/li>\n<\/ul>\n<h6><strong>\u01afu \u0111i\u1ec3m:<\/strong><\/h6>\n<ul>\n<li>B\u1ea3o V\u1ec7 To\u00e0n Di\u1ec7n: T\u1eeb c\u00e1c m\u1ed1i \u0111e d\u1ecda tr\u1ef1c tuy\u1ebfn \u0111\u1ebfn c\u00e1c ph\u1ea7n m\u1ec1m gi\u00e1n \u0111i\u1ec7p, Avast Ultimate cung c\u1ea5p m\u1ed9t l\u1edbp b\u1ea3o v\u1ec7 \u0111a t\u1ea7ng \u0111\u1ec3 gi\u1eef an to\u00e0n cho b\u1ea1n trong m\u1ecdi t\u00ecnh hu\u1ed1ng.<\/li>\n<li>T\u0103ng T\u1ed1c Hi\u1ec7u Su\u1ea5t: Avast Cleanup Premium gi\u00fap m\u00e1y t\u00ednh c\u1ee7a b\u1ea1n ho\u1ea1t \u0111\u1ed9ng m\u01b0\u1ee3t m\u00e0 v\u00e0 nhanh ch\u00f3ng, lo\u1ea1i b\u1ecf c\u00e1c t\u1ec7p kh\u00f4ng c\u1ea7n thi\u1ebft v\u00e0 t\u1ed1i \u01b0u h\u00f3a hi\u1ec7u su\u1ea5t h\u1ec7 th\u1ed1ng.<\/li>\n<li>Duy Tr\u00ec Quy\u1ec1n Ri\u00eang T\u01b0: V\u1edbi Avast SecureLine VPN v\u00e0 Avast AntiTrack, b\u1ea1n c\u00f3 th\u1ec3 y\u00ean t\u00e2m r\u1eb1ng th\u00f4ng tin c\u00e1 nh\u00e2n c\u1ee7a m\u00ecnh \u0111\u01b0\u1ee3c b\u1ea3o v\u1ec7 v\u00e0 kh\u00f4ng b\u1ecb theo d\u00f5i khi tr\u1ef1c tuy\u1ebfn.<\/li>\n<li>D\u1ec5 D\u00e0ng S\u1eed D\u1ee5ng: Giao di\u1ec7n th\u00e2n thi\u1ec7n, d\u1ec5 s\u1eed d\u1ee5ng cho m\u1ecdi \u0111\u1ed1i t\u01b0\u1ee3ng, t\u1eeb ng\u01b0\u1eddi d\u00f9ng c\u01a1 b\u1ea3n \u0111\u1ebfn chuy\u00ean nghi\u1ec7p.<\/li>\n<\/ul>\n<p><!--more-->\u0110\u1ec3 xem th\u00eam c\u00e1c t\u00ednh n\u0103ng m\u00e0 s\u1ea3n ph\u1ea9m Avast Ultimate mang l\u1ea1i, b\u1ea1n c\u00f3 th\u1ec3 \u0111\u1ecdc th\u00f4ng tin chi ti\u1ebft t\u1ea1i <a href=\"https:\/\/www.avast.com\/vi-vn\/ultimate#custom-section\">Trang web ch\u00ednh th\u1ee9c c\u1ee7a Avast Ultimate<\/a><\/p>\n","protected":false},"excerpt":{"rendered":"<p>Code k\u00edch ho\u1ea1t 1 thi\u1ebft b\u1ecb<\/p>\n","protected":false},"featured_media":3493,"comment_status":"open","ping_status":"closed","template":"","meta":[],"product_cat":[27,65],"product_tag":[107],"jetpack_sharing_enabled":true,"_links":{"self":[{"href":"https:\/\/banquyenshop.com\/index.php?rest_route=\/wp\/v2\/product\/3209"}],"collection":[{"href":"https:\/\/banquyenshop.com\/index.php?rest_route=\/wp\/v2\/product"}],"about":[{"href":"https:\/\/banquyenshop.com\/index.php?rest_route=\/wp\/v2\/types\/product"}],"replies":[{"embeddable":true,"href":"https:\/\/banquyenshop.com\/index.php?rest_route=%2Fwp%2Fv2%2Fcomments&post=3209"}],"wp:featuredmedia":[{"embeddable":true,"href":"https:\/\/banquyenshop.com\/index.php?rest_route=\/wp\/v2\/media\/3493"}],"wp:attachment":[{"href":"https:\/\/banquyenshop.com\/index.php?rest_route=%2Fwp%2Fv2%2Fmedia&parent=3209"}],"wp:term":[{"taxonomy":"product_cat","embeddable":true,"href":"https:\/\/banquyenshop.com\/index.php?rest_route=%2Fwp%2Fv2%2Fproduct_cat&post=3209"},{"taxonomy":"product_tag","embeddable":true,"href":"https:\/\/banquyenshop.com\/index.php?rest_route=%2Fwp%2Fv2%2Fproduct_tag&post=3209"}],"curies":[{"name":"wp","href":"https:\/\/api.w.org\/{rel}","templated":true}]}}