{"id":3203,"date":"2024-06-19T15:25:37","date_gmt":"2024-06-19T15:25:37","guid":{"rendered":"https:\/\/banquyenshop.com\/?post_type=product&#038;p=3203"},"modified":"2024-06-22T13:07:15","modified_gmt":"2024-06-22T13:07:15","slug":"avg-mobile-ultimate-for-android-1-thiet-bi-1-nam","status":"publish","type":"product","link":"https:\/\/banquyenshop.com\/?product=avg-mobile-ultimate-for-android-1-thiet-bi-1-nam","title":{"rendered":"AVG Mobile Ultimate cho Android 1 n\u0103m 1 thi\u1ebft b\u1ecb"},"content":{"rendered":"<p>AVG Mobile Ultimate l\u00e0 m\u1ed9t g\u00f3i ph\u1ea7n m\u1ec1m b\u1ea3o m\u1eadt to\u00e0n di\u1ec7n d\u00e0nh cho thi\u1ebft b\u1ecb di \u0111\u1ed9ng, bao g\u1ed3m nhi\u1ec1u \u1ee9ng d\u1ee5ng b\u1ea3o v\u1ec7 v\u00e0 t\u1ed1i \u01b0u h\u00f3a kh\u00e1c nhau d\u01b0\u1edbi \u0111\u00e2y:<\/p>\n<ul>\n<li>AVG AntiVirus: B\u1ea3o v\u1ec7 thi\u1ebft b\u1ecb di \u0111\u1ed9ng kh\u1ecfi virus, ph\u1ea7n m\u1ec1m \u0111\u1ed9c h\u1ea1i, v\u00e0 c\u00e1c m\u1ed1i \u0111e d\u1ecda tr\u1ef1c tuy\u1ebfn v\u1edbi kh\u1ea3 n\u0103ng qu\u00e9t v\u00e0 b\u1ea3o v\u1ec7 th\u1eddi gian th\u1ef1c.<\/li>\n<li>VG Cleaner: T\u1ed1i \u01b0u h\u00f3a hi\u1ec7u su\u1ea5t thi\u1ebft b\u1ecb b\u1eb1ng c\u00e1ch x\u00f3a c\u00e1c t\u1eadp tin r\u00e1c, gi\u1ea3i ph\u00f3ng b\u1ed9 nh\u1edb v\u00e0 c\u1ea3i thi\u1ec7n t\u1ed1c \u0111\u1ed9 ho\u1ea1t \u0111\u1ed9ng.<\/li>\n<li>AVG Secure VPN: B\u1ea3o v\u1ec7 quy\u1ec1n ri\u00eang t\u01b0 tr\u1ef1c tuy\u1ebfn b\u1eb1ng c\u00e1ch m\u00e3 h\u00f3a k\u1ebft n\u1ed1i internet, gi\u00fap duy\u1ec7t web an to\u00e0n v\u00e0 b\u1ea3o m\u1eadt tr\u00ean c\u00e1c m\u1ea1ng Wi-Fi c\u00f4ng c\u1ed9ng.<\/li>\n<li>AVG AntiTrack: Ng\u0103n ch\u1eb7n vi\u1ec7c theo d\u00f5i tr\u1ef1c tuy\u1ebfn, b\u1ea3o v\u1ec7 th\u00f4ng tin c\u00e1 nh\u00e2n v\u00e0 duy\u1ec7t web \u1ea9n danh.<\/li>\n<li>AVG TuneUp: T\u1ed1i \u01b0u h\u00f3a h\u1ec7 th\u1ed1ng, c\u1ea3i thi\u1ec7n hi\u1ec7u su\u1ea5t v\u00e0 tu\u1ed5i th\u1ecd pin c\u1ee7a thi\u1ebft b\u1ecb.<\/li>\n<\/ul>\n<p><!--more--><\/p>\n<p>\u0110\u1ec3 xem th\u00eam c\u00e1c t\u00ednh n\u0103ng m\u00e0 s\u1ea3n ph\u1ea9m AVG Mobile Ultimate mang l\u1ea1i, b\u1ea1n c\u00f3 th\u1ec3 \u0111\u1ecdc th\u00f4ng tin chi ti\u1ebft t\u1ea1i <a href=\"https:\/\/www.avg.com\/en-us\/ultimate#pc\">Trang web ch\u00ednh th\u1ee9c c\u1ee7a AVG Ultimate<\/a><\/p>\n","protected":false},"excerpt":{"rendered":"<p>Code k\u00edch ho\u1ea1t cho thi\u1ebft b\u1ecb Android<\/p>\n","protected":false},"featured_media":3504,"comment_status":"open","ping_status":"closed","template":"","meta":[],"product_cat":[27,65],"product_tag":[110,93],"jetpack_sharing_enabled":true,"_links":{"self":[{"href":"https:\/\/banquyenshop.com\/index.php?rest_route=\/wp\/v2\/product\/3203"}],"collection":[{"href":"https:\/\/banquyenshop.com\/index.php?rest_route=\/wp\/v2\/product"}],"about":[{"href":"https:\/\/banquyenshop.com\/index.php?rest_route=\/wp\/v2\/types\/product"}],"replies":[{"embeddable":true,"href":"https:\/\/banquyenshop.com\/index.php?rest_route=%2Fwp%2Fv2%2Fcomments&post=3203"}],"wp:featuredmedia":[{"embeddable":true,"href":"https:\/\/banquyenshop.com\/index.php?rest_route=\/wp\/v2\/media\/3504"}],"wp:attachment":[{"href":"https:\/\/banquyenshop.com\/index.php?rest_route=%2Fwp%2Fv2%2Fmedia&parent=3203"}],"wp:term":[{"taxonomy":"product_cat","embeddable":true,"href":"https:\/\/banquyenshop.com\/index.php?rest_route=%2Fwp%2Fv2%2Fproduct_cat&post=3203"},{"taxonomy":"product_tag","embeddable":true,"href":"https:\/\/banquyenshop.com\/index.php?rest_route=%2Fwp%2Fv2%2Fproduct_tag&post=3203"}],"curies":[{"name":"wp","href":"https:\/\/api.w.org\/{rel}","templated":true}]}}